{"id":343,"date":"2024-09-09T16:32:08","date_gmt":"2024-09-09T16:32:08","guid":{"rendered":"http:\/\/mmparts.com.mx\/?post_type=product&#038;p=343"},"modified":"2024-11-05T15:57:53","modified_gmt":"2024-11-05T15:57:53","slug":"logo-led-3d-de-luz-azul-para-volkswagen","status":"publish","type":"product","link":"https:\/\/mmparts.com.mx\/?product=logo-led-3d-de-luz-azul-para-volkswagen","title":{"rendered":"Logo Led 3d De Luz Azul Para Volkswagen"},"content":{"rendered":"<p>Etiqueta: Universal<br \/>\nPlantilla: Emblemas N\u00famero de<br \/>\npieza: VW11 N\u00famero de<br \/>\nregistro\/certificaci\u00f3n INMETRO: 9001<br \/>\nTipo de veh\u00edculo: Auto\/Camioneta<br \/>\nLogotipo en primer plano: No.<br \/>\nEtiqueta: S\u00ed<br \/>\nMaterial: Plasland<br \/>\nN\u00famero comercial 5d light<br \/>\nTama\u00f1o de la dimensi\u00f3n: 11 cm<\/p>\n<p>Modelos aplicables: Golf 6 golf, magotan, cc, tiguan, Bora bora, Scirocck<br \/>\nRed light, luz azul, blanca\/tercera luz<\/p>\n<p>DC12V Feeder +\/- 10% Longitud del cable de alimentaci\u00f3n: 0,25 m Potencia: 2 (w) Tensi\u00f3n: 12 (v) Extracto: 0,3 (a)<\/p>\n<p>Instrucciones de instalaci\u00f3n<br \/>\n1. Primero coloca una toalla junto a la maleta, toma el logotipo con la cabeza plana distorsionada y luego coloca la toalla para evitar que se forme espirales en su cuerpo.<\/p>\n<p>2. Retire con cuidado la cinta adhesiva de doble cara del primer carro. Use una fuerza moderada al levantarse. Sin fuerza. Poco a poco, lo abro. Borra el logo y la cinta adhesiva de doble cara.<\/p>\n<p>3. saca la tabica de la maleta con un destructor cruzado. Tenga en cuenta que hay clips en algunos lugares. Cuidado. Retire el panel de aislamiento ac\u00fastico y revise varias l\u00edneas.<\/p>\n<p>4. Podemos volver a instalar las plumas. El cable de alimentaci\u00f3n del suelo pasa por una de las anguilas posicionadoras del logotipo, atraviesa la maleta y un parche unilateral en la parte posterior del suelo. Desde el interior del cable, se pega el fuselaje a la carrocer\u00eda y se comprime.<\/p>\n<p>5. Se instala una luz de sincronizaci\u00f3n y se conecta otra a la fuente de alimentaci\u00f3n. Posteriormente, la luz de la materia debe conectarse a la fuente de alimentaci\u00f3n de la luz de la materia siguiente, de modo que cuando la peque\u00f1a luz de la noche est\u00e9 seca, la luz de la materia se empape con el tiempo y, si se encuentra el conector que alimenta la luz de la materia, m\u00e1s adelante.<\/p>\n<p>6. Primero, se quita ese pa\u00f1uelo, se quita una pomada con positivo y negativo, se expande ese n\u00facleo del cable, se presiona el rojo, se presiona el negro para conectar el cable, no para envolverlo con la cinta de hierro, y finalmente se inserta el tap\u00f3n para instalar el panel de fundici\u00f3n accesible en la tapa del maletero.<\/p>\n<p>&#8212;&#8212;&#8212;&#8212;&#8212;&#8212;&#8212;&#8212;&#8212;&#8212;&#8212;&#8212;&#8212;-<br \/>\nSi est\u00e1s satisfecho con mi producto, espero que puedas d\u00e9janos tus comentarios. Esto es importante no solo para m\u00ed, sino tambi\u00e9n para otros amigos que necesitan este producto.<\/p>\n<p>Si tiene alguna pregunta, p\u00f3ngase en contacto con nuestros proveedores directamente a trav\u00e9s de la informaci\u00f3n postventa en lugar de buscar del mercado. Est\u00e1 completamente satisfecho con nuestro servicio postventa. Si tiene alguna pregunta, estaremos encantados de responderla.<\/p>\n<p>Importante:<br \/>\nsi tiene alguna pregunta durante el uso, haga clic en Enviar correo en la secci\u00f3n de compras de su perfil. Le proporcionaremos un servicio de orientaci\u00f3n profesional o un servicio postventa. Si no podemos responder r\u00e1pidamente, es porque apoyamos a m\u00e1s personas o porque no trabajamos. Tenga la seguridad de que su satisfacci\u00f3n es nuestra fuerza motriz inagotable. No resuelva este problema mediante la asistencia o las reclamaciones comerciales. Agradecemos su comprensi\u00f3n y apoyo.<\/p>\n","protected":false},"excerpt":{"rendered":"<p>Etiqueta: Universal<br \/>\nPlantilla: Emblemas N\u00famero de<br \/>\npieza: VW11 N\u00famero de<br \/>\nregistro\/certificaci\u00f3n INMETRO: 9001<br \/>\nTipo de veh\u00edculo: Auto\/Camioneta<br \/>\nLogotipo en primer plano: No.<br \/>\nEtiqueta: S\u00ed<br \/>\nMaterial: Plasland<br \/>\nN\u00famero comercial 5d light<br \/>\nTama\u00f1o de la dimensi\u00f3n: 11 cm<\/p>\n","protected":false},"featured_media":344,"comment_status":"open","ping_status":"closed","template":"","meta":{"saved_in_kubio":false},"product_cat":[31],"product_tag":[43,44,36,37,34,35,42,41,40,33,38,39,32],"class_list":{"0":"post-343","1":"product","2":"type-product","3":"status-publish","4":"has-post-thumbnail","6":"product_cat-accesorios","7":"product_tag-b5","8":"product_tag-b6","9":"product_tag-beetle","10":"product_tag-cc","11":"product_tag-golf","12":"product_tag-jetta","13":"product_tag-mk5","14":"product_tag-mk7","15":"product_tag-passat","16":"product_tag-polo","17":"product_tag-tiguan","18":"product_tag-touran","19":"product_tag-vw","21":"first","22":"instock","23":"sale","24":"shipping-taxable","25":"purchasable","26":"product-type-simple"},"_links":{"self":[{"href":"https:\/\/mmparts.com.mx\/index.php?rest_route=\/wp\/v2\/product\/343","targetHints":{"allow":["GET"]}}],"collection":[{"href":"https:\/\/mmparts.com.mx\/index.php?rest_route=\/wp\/v2\/product"}],"about":[{"href":"https:\/\/mmparts.com.mx\/index.php?rest_route=\/wp\/v2\/types\/product"}],"replies":[{"embeddable":true,"href":"https:\/\/mmparts.com.mx\/index.php?rest_route=%2Fwp%2Fv2%2Fcomments&post=343"}],"wp:featuredmedia":[{"embeddable":true,"href":"https:\/\/mmparts.com.mx\/index.php?rest_route=\/wp\/v2\/media\/344"}],"wp:attachment":[{"href":"https:\/\/mmparts.com.mx\/index.php?rest_route=%2Fwp%2Fv2%2Fmedia&parent=343"}],"wp:term":[{"taxonomy":"product_cat","embeddable":true,"href":"https:\/\/mmparts.com.mx\/index.php?rest_route=%2Fwp%2Fv2%2Fproduct_cat&post=343"},{"taxonomy":"product_tag","embeddable":true,"href":"https:\/\/mmparts.com.mx\/index.php?rest_route=%2Fwp%2Fv2%2Fproduct_tag&post=343"}],"curies":[{"name":"wp","href":"https:\/\/api.w.org\/{rel}","templated":true}]}}